{"id":1393,"date":"2022-07-16T06:46:26","date_gmt":"2022-07-16T06:46:26","guid":{"rendered":"https:\/\/ondjangoasili.com\/?page_id=1393"},"modified":"2025-03-09T17:38:02","modified_gmt":"2025-03-09T17:38:02","slug":"tsoro-baia","status":"publish","type":"page","link":"https:\/\/ondjangoasili.com\/index.php\/tsoro-baia\/","title":{"rendered":"Tsoro (Baia)"},"content":{"rendered":"<h3>Tsoro  (Baia)<br \/>\n<\/h3>\n<p>\t\t\t\t\t\t\t\t\t\t\t\t\t\t\t<img decoding=\"async\" width=\"300\" height=\"87\" src=\"http:\/\/ondjangoasili.com\/wp-content\/uploads\/2025\/03\/tsoro-baia-300x87.png\" alt=\"\" srcset=\"https:\/\/ondjangoasili.com\/wp-content\/uploads\/2025\/03\/tsoro-baia-300x87.png 300w, https:\/\/ondjangoasili.com\/wp-content\/uploads\/2025\/03\/tsoro-baia.png 481w\" sizes=\"(max-width: 300px) 100vw, 300px\" \/>\t\t\t\t\t\t\t\t\t\t\t\t\t\t\t<\/p>\n<p><strong><b>Baixe os materiais do jogo \u2b07\ufe0f<\/b><\/strong><\/p>\n<p>\t\t\t\t\t<a href=\"https:\/\/ondjangoasili.com\/Regras_jogos\/Zimbabwe\/Ondjango%20Asili%20-%20Regras%20e%20Tabuleiro%20do%20Tsoro%20Baia.pdf\" target=\"_blank\"><br \/>\n\t\t\t\t\t\t\t\t\tRegras e Tabuleiro<br \/>\n\t\t\t\t\t<\/a><br \/>\n\t\t\t\t\t<a href=\"#\" target=\"_blank\"><br \/>\n\t\t\t\t\t\t\t\t\tRoteiro de Atividades<br \/>\n\t\t\t\t\t<\/a><\/p>\n<p><b>Tsoro (Baia)&nbsp;&nbsp;<\/b><\/p>\n<p>\u00c9 um jogo da fam\u00edlia mancala, de quatro fileiras, jogado no Zimbabwe, pa\u00eds do sul da \u00c1frica, a semeadura do jogo&nbsp; ocorre no sentido anti-hor\u00e1rio e h\u00e1 uma s\u00e9rie de capturas graduadas, nos turnos subsequentes dos jogadores.<\/p>\n<p><\/p>\n<\/p>\n<p><b>Objetivo do jogo:<\/b> capturar o m\u00e1ximo de sementes do advers\u00e1rio;&nbsp;<\/p>\n<p><b>Tipo de jogo:<\/b> semeadura;&nbsp;<\/p>\n<p><b>Quantidade de jogadores:<\/b> dois;&nbsp;<\/p>\n<p><b>Pe\u00e7as necess\u00e1rias: <\/b>o tabuleiro, 78 sementes;&nbsp;<\/p>\n<p><b>Tabuleiro: <\/b>mancala 4&#215;13, quatro fileiras, cada uma com treze buracos.<\/p>\n","protected":false},"excerpt":{"rendered":"<p>Tsoro (Baia) Baixe os materiais do jogo \u2b07\ufe0f Regras e Tabuleiro Roteiro de Atividades Tsoro (Baia)&nbsp;&nbsp; \u00c9 um jogo da fam\u00edlia mancala, de quatro fileiras, jogado no Zimbabwe, pa\u00eds do [&hellip;]<\/p>\n","protected":false},"author":1,"featured_media":0,"parent":0,"menu_order":0,"comment_status":"closed","ping_status":"closed","template":"elementor_theme","meta":{"om_disable_all_campaigns":false,"_monsterinsights_skip_tracking":false,"_monsterinsights_sitenote_active":false,"_monsterinsights_sitenote_note":"","_monsterinsights_sitenote_category":0,"site-sidebar-layout":"no-sidebar","site-content-layout":"page-builder","ast-site-content-layout":"full-width-container","site-content-style":"unboxed","site-sidebar-style":"unboxed","ast-global-header-display":"","ast-banner-title-visibility":"","ast-main-header-display":"","ast-hfb-above-header-display":"","ast-hfb-below-header-display":"","ast-hfb-mobile-header-display":"","site-post-title":"disabled","ast-breadcrumbs-content":"","ast-featured-img":"disabled","footer-sml-layout":"","theme-transparent-header-meta":"","adv-header-id-meta":"","stick-header-meta":"","header-above-stick-meta":"","header-main-stick-meta":"","header-below-stick-meta":"","astra-migrate-meta-layouts":"set","ast-page-background-enabled":"default","ast-page-background-meta":{"desktop":{"background-color":"var(--ast-global-color-4)","background-image":"","background-repeat":"repeat","background-position":"center center","background-size":"auto","background-attachment":"scroll","background-type":"","background-media":"","overlay-type":"","overlay-color":"","overlay-opacity":"","overlay-gradient":""},"tablet":{"background-color":"","background-image":"","background-repeat":"repeat","background-position":"center center","background-size":"auto","background-attachment":"scroll","background-type":"","background-media":"","overlay-type":"","overlay-color":"","overlay-opacity":"","overlay-gradient":""},"mobile":{"background-color":"","background-image":"","background-repeat":"repeat","background-position":"center center","background-size":"auto","background-attachment":"scroll","background-type":"","background-media":"","overlay-type":"","overlay-color":"","overlay-opacity":"","overlay-gradient":""}},"ast-content-background-meta":{"desktop":{"background-color":"var(--ast-global-color-5)","background-image":"","background-repeat":"repeat","background-position":"center center","background-size":"auto","background-attachment":"scroll","background-type":"","background-media":"","overlay-type":"","overlay-color":"","overlay-opacity":"","overlay-gradient":""},"tablet":{"background-color":"var(--ast-global-color-5)","background-image":"","background-repeat":"repeat","background-position":"center center","background-size":"auto","background-attachment":"scroll","background-type":"","background-media":"","overlay-type":"","overlay-color":"","overlay-opacity":"","overlay-gradient":""},"mobile":{"background-color":"var(--ast-global-color-5)","background-image":"","background-repeat":"repeat","background-position":"center center","background-size":"auto","background-attachment":"scroll","background-type":"","background-media":"","overlay-type":"","overlay-color":"","overlay-opacity":"","overlay-gradient":""}},"footnotes":""},"class_list":["post-1393","page","type-page","status-publish","hentry"],"aioseo_notices":[],"_links":{"self":[{"href":"https:\/\/ondjangoasili.com\/index.php\/wp-json\/wp\/v2\/pages\/1393","targetHints":{"allow":["GET"]}}],"collection":[{"href":"https:\/\/ondjangoasili.com\/index.php\/wp-json\/wp\/v2\/pages"}],"about":[{"href":"https:\/\/ondjangoasili.com\/index.php\/wp-json\/wp\/v2\/types\/page"}],"author":[{"embeddable":true,"href":"https:\/\/ondjangoasili.com\/index.php\/wp-json\/wp\/v2\/users\/1"}],"replies":[{"embeddable":true,"href":"https:\/\/ondjangoasili.com\/index.php\/wp-json\/wp\/v2\/comments?post=1393"}],"version-history":[{"count":21,"href":"https:\/\/ondjangoasili.com\/index.php\/wp-json\/wp\/v2\/pages\/1393\/revisions"}],"predecessor-version":[{"id":7053,"href":"https:\/\/ondjangoasili.com\/index.php\/wp-json\/wp\/v2\/pages\/1393\/revisions\/7053"}],"wp:attachment":[{"href":"https:\/\/ondjangoasili.com\/index.php\/wp-json\/wp\/v2\/media?parent=1393"}],"curies":[{"name":"wp","href":"https:\/\/api.w.org\/{rel}","templated":true}]}}